0. Suppose 4*n - 3 = y, 0 = -0*y + w*y - 2*n + 15. Give p(y).
-12
Let j(a) = -a**3 + a**2 + a + 4. Let h be 30/3*(-4)/(-10). Suppose h*d = -0*d. Determine j(d).
4
Let p(i) be the first derivative of i**4/4 + i**2 + 3*i + 24. Determine p(-2).
-9
Let d(q) = -q**3 + 7*q**2 + 9*q - 3. Let j be d(8). Let m(x) = -2*x - 8 - x**2 + j*x + 4*x. Give m(6).
-2
Let v(u) be the third derivative of -u**6/24 + u**3/6 - 14*u**2. Give v(-1).
6
Let d(h) be the second derivative of h**5/20 - 7*h**4/12 - 3*h**3/2 + h**2/2 + 5*h + 3. What is d(8)?
-7
Let p(h) = 3*h + 5. Let u(w) = 3*w + 5. Let f(l) = -4*p(l) + 3*u(l). What is f(6)?
-23
Let p(f) = 4*f**3 + 4*f**2 + 5*f - 3. Let i(k) = -11*k**3 - 11*k**2 - 14*k + 8. Let m(h) = -3*i(h) - 8*p(h). Determine m(-2).
-8
Let v(a) = 6*a**3 + 3*a - 4. Let z(b) = 3*b**3 + b - 2. Let d(j) = -3*v(j) + 5*z(j). Let t(k) = 2*k**3 + 5*k - 3. Let y(s) = -4*d(s) - 3*t(s). Calculate y(-1).
-6
Let f(b) = -b + 4. Let p be (1 - 1 - 4) + 10/10. Determine f(p).
7
Let y(w) = -5*w + 12. Let g(q) = -10 + q - 1 + 3*q. Let c(u) = -u**3 + 11*u**2 + 11*u + 16. Let h be c(12). Let p(i) = h*g(i) + 3*y(i). What is p(5)?
-3
Suppose 2*t - 5*b = 4*t - 13, 2*b - 11 = 5*t. Let f(x) = 9*x**3 + 2*x**2 + 2*x + 1. Give f(t).
-8
Let s(g) = g**3 - 5*g**2 - g + 7. Let a be s(5). Suppose -10 = -4*d - a. Let r(v) be the second derivative of -v**3/6 + v**2/2 - 2*v. Calculate r(d).
-1
Let r(v) = -v**2 - 6*v - 3. Let m be (0/(-1) + 3)/3. Let w be (-1)/(1/2*m). Let j be (-6)/(-15)*(-12 - w). Calculate r(j).
5
Let k(g) = -g - 4. Let i be k(-6). Suppose -i*v - 2 = 5*p, 0 = 3*p - 2*v + 1 - 3. Let q(w) = -w**2 + 3. Calculate q(p).
3
Let q(v) be the second derivative of v**7/168 - v**6/360 + v**5/60 - v**4/24 - 2*v**3/3 + 3*v. Let f(i) be the second derivative of q(i). Give f(1).
5
Let s(a) = -2*a**2 + a**2 - 3*a + 1 - 6*a + 3*a. Let i be s(-5). Suppose 12 = -2*g + i*g. Let m(z) = z + 1. Determine m(g).
4
Let r(b) = -b**2 + 8*b - 19. Let m be r(5). Let z(s) = 4*s + 12. Let c(a) = a + 3. Let v(f) = 9*c(f) - 2*z(f). Give v(m).
-1
Let s(o) = -o**2 + o + 1. Let d(n) = n**2 - 6*n - 7. Let x(u) = -d(u) - 2*s(u). Let p be 5*(-5)/((-25)/(-4)). Determine x(p).
5
Let g(p) = -2*p - 2. Let x = 35 + -21. Suppose -5*q = x + 6, -l - 12 = 4*q. Give g(l).
-10
Let g(k) be the second derivative of -k**3/3 + 5*k**2 - 2*k. Let l be g(7). Let d(b) = b + 8. Let q(r) = -r - 8. Let w(o) = -3*d(o) - 4*q(o). Give w(l).
4
Let n(k) be the second derivative of -k**4/6 - k**3/2 - k**2/2 + 18*k. Suppose -p + 0*p + 27 = 0. Suppose -3*o + 12 = p, -2*s + 4*o = -16. Give n(s).
-3
Let n = 39 + -48. Let s(j) = j + 12. Calculate s(n).
3
Let a(o) = 2*o**2 + o - 1. Let q(z) = z**2 + 1. Let t(n) = -a(n) + 3*q(n). Suppose j + 9 = -4*g, 0 = 3*j - 5*g - 0*g - 24. Give t(j).
10
Let z = 3 - 11/4. Let x(c) be the first derivative of 5/2*c**2 - z*c**4 + 3 + 2*c + 4/3*c**3. Calculate x(5).
2
Let a(u) = -u**2 + 2*u + 7. Let n(t) = 9*t - 4. Let y be n(1). What is a(y)?
-8
Let h be 6 + (-4 - -2) + 1. Let t(u) = -u**2 + 4*u - 2. Calculate t(h).
-7
Suppose 2*l = 3*f + 1, -4*f = 5*l - 14 - 0. Let v = -3 - l. Let r(u) = 3*u + 2. Let g(y) = y + 1. Let t(i) = 5*g(i) - 2*r(i). What is t(v)?
6
Let z(p) = p**3 - 5*p**2 - p + 2. Let h(g) = -g**3 + 3*g**2 - g. Let a be h(1). Suppose a - 21 = -4*n. What is z(n)?
-3
Let m(u) = -5*u**2 - u + 2. Let v be m(1). Let c(a) = -a**3 - 3*a**2 + 6*a + 5. Give c(v).
-3
Let b(f) = -f**2 - 10*f - 2. Let n be b(-10). Let v be (-5 - n)*16/12. Let p(k) = 2*k**2 + 5*k + 4. Determine p(v).
16
Let u(c) = 3*c - 3. Let a be u(4). Let o be (-76)/(-18) - 2/a. Suppose -3*p = -f + 11, -o*f + 3 + 1 = -2*p. Let g(r) = -r**3 - 4*r**2 + 3*r + 2. What is g(p)?
-10
Let x(h) be the first derivative of h**3/3 + 7*h**2/2 + 7*h + 3. Give x(-7).
7
Let j(m) be the first derivative of 4*m**2 + m - 2. Give j(-1).
-7
Let z(k) = -k + 3. Let p(x) = -3 + 3*x - 4*x + 6. Let d(u) = -3*p(u) + 4*z(u). What is d(0)?
3
Let m(d) = -d + 5. Let u(g) = -2*g + 9. Let h(c) = 11*m(c) - 6*u(c). Let i be h(-1). Let s(z) = i - z - 7 + 0. Give s(-5).
-2
Let a(u) = -3*u + 4*u**2 + u**3 + 1 + 1 - 8*u**2 - 2*u. Let x = -8 - -13. Give a(x).
2
Let f(b) = 4*b**3 + 7*b**2 + 7*b + 10. Let n(j) = -5*j**3 - 7*j**2 - 7*j - 11. Let y(h) = -4*f(h) - 3*n(h). Calculate y(-6).
-1
Let x be (-2)/(-9) + (-40)/18. Let z(t) be the third derivative of -t**6/60 - t**5/20 - t**4/12 + t**3/6 + t**2. Calculate z(x).
9
Let a(g) be the first derivative of 0*g - 2 - g**3 + 1/2*g**2. What is a(2)?
-10
Let v(a) = a**3 + 12*a**2 + 10*a - 16. Let j be v(-11). Let k be (15/(-6))/j*0. Let g(y) = y + 8. What is g(k)?
8
Let t(b) = -b - 4. Let w be t(-9). Let x(n) = n**3 + 5*n - 2*n**2 + 3*n**2 + 6 + w - 4*n. Give x(0).
11
Let c(d) = -d + 2. Let t = 0 + -1. Let g be -2*(-3)/(-2) + t. Calculate c(g).
6
Let s(t) be the first derivative of t**4/4 + t**3/3 + t + 6. Suppose -5*x - 20 = -5*y - 5, 9 = 4*x + 3*y. Give s(x).
1
Let c be 8/6*(-33)/(-22). Let a(k) = 4*k + 2. What is a(c)?
10
Let u(t) = -2*t - 1 + 4 - 4 - 3. Let s be u(-3). Let n be (s - (1 - -3))*-2. Let m(x) = x**2 - 3*x. Calculate m(n).
4
Let p(q) be the third derivative of q**5/20 + q**4/24 + 11*q**2. What is p(1)?
4
Let k(t) be the first derivative of -t**2/2 + 3*t + 1. Let q(m) = -m**3 - 2*m - 5. Let s be q(-2). Calculate k(s).
-4
Let o(n) = -7*n + n**2 - n**2 + 0*n**2 + n**2 - 6. Let j be o(8). Let y be 9/6*j*-2. Let i(z) = -z**2 - 4*z + 8. Calculate i(y).
-4
Let v(r) be the first derivative of -r**4/12 - r**3/3 + 3*r**2/2 - 11*r - 9. Let x(l) be the first derivative of v(l). Let b = 2 + 0. What is x(b)?
-5
Suppose w = -3*n + 5, -5*n - 2*w - 5 = -4*n. Let d(t) = t**3 + 3*t**2 - 2*t - 1. Let x be d(-3). Suppose 0 = x*u - 2 - n. Let r(b) = 10*b - 1. Give r(u).
9
Suppose -17 = -3*f - b + 2*b, 5*f - 10 = -2*b. Let h(z) = -z**2 + 4*z - 1. Calculate h(f).
-1
Let d(v) be the third derivative of v**4/12 - v**3/2 + 47*v**2. What is d(3)?
3
Let p(z) = -9*z**3 - 9*z**2 - 5*z + 18. Let a(s) = -4*s**3 - 4*s**2 - 2*s + 9. Let c(b) = -7*a(b) + 3*p(b). Give c(0).
-9
Let b(r) = 4*r**2 + r - 1. Let n be b(-2). Let l = n + -11. Let w(y) = -y**3 + y**2 + 1. What is w(l)?
-3
Let t(y) be the first derivative of y**2 - y - 14. Suppose 23 = -4*q + 7, -3*s + 3*q + 9 = 0. Give t(s).
-3
Let d(i) = 2*i**2 + 4*i - 1 - 3*i**2 - 4*i. Determine d(2).
-5
Let s(a) be the second derivative of a**3/2 - 5*a**2/2 - a. Give s(-6).
-23
Let h(t) = -t + 5. Let c = 33 - 29. Determine h(c).
1
Let x(t) be the third derivative of -t**5/30 - t**4/12 - 2*t**2. Suppose -4*i = 2*f, -i = -2*f - 3*f - 11. Determine x(f).
-4
Let a(s) = -s + 12. Let u be a(9). Let h(k) = -3*k - 9*k**3 + 5*k - u*k. Let x(i) = i**3 - 3*i**2 + 4*i - 3. Let y be x(2). What is h(y)?
-10
Let a(h) = -35*h + 8. Let o(n) = -33*n + 7. Let k(f) = 6*a(f) - 7*o(f). Give k(-1).
-22
Let y(l) = l**2 - 2*l + 1. Let n be y(2). Let i(o) be the second derivative of -7*o**3/6 + o**2/2 + 4*o. Calculate i(n).
-6
Let q be ((-14)/(-10))/((-2)/(-10)). Suppose -q*h + 2*h = m - 30, -5*h = -3*m - 10. Let x(w) = w - 7. Determine x(m).
-2
Suppose h + h + 4 = 0. Let n(t) = -2*t**2 - 2*t. Calculate n(h).
-4
Let o(m) = 90*m. Let a(r) = -7*r. Let d(v) = 40*a(v) + 3*o(v). Give d(1).
-10
Let p be (-4 + 5 - -20) + 1. Let q be p/(-6) + (-26)/(-39). Let o(w) = 3*w + 3. Calculate o(q).
-6
Let s(z) be the second derivative of -3*z - 1/8*z**4 + 3/2*z**2 - 1/3*z**3 + 0. Let n(j) be the first derivative of s(j). Determine n(-3).
7
Let o(q) be the second derivative of q**5/20 - 5*q**4/12 - q**3 - 5*q**2/2 - 7*q. Give o(6).
-5
Let w = -4 - -6. Suppose -c = -3*s - 10, w*c + s - 5*s - 16 = 0. Let l(d) be the first derivative of -d**3/3 + 5*d**2/2 - 4*d - 1. What is l(c)?
0
Let b(u) = -3*u + 3 + 4*u - 5 - 1. Give b(4).
1
Let n(l) = 2*l**2 + 0 - 5*l + 5 + 2*l**2 - 3*l**2. Let r be n(5). Let v(b) = b**3 - 4*b**2 - 6*b + 6. What is v(r)?
1
Suppose 3*m + m + 5*a = 2, -2*m = 5*a + 4. Let d(i) = -2*i + 4. What is d(m)?
-2
Suppose 2*a + 0 = 4*b - 2, 3*a - 3 = 3*b. Let c(f) = -1 - f**2 + f**a - f**2 - 3. Let z be c(3). Let r(l) = -l**3 + 6*l**2 - 7*l + 5. Determine r(z).
-5
Let o be (-12)/8*(-4)/3. Let c(l) = -l. Let n be c(o). Let g(z) = -z + 5*z + z**2 + 4 - 1 - 2*z. What is g(n)?
3
Let x(p) = 1 - 6*p**2 + 6*p + 12*p**2 - 5*p**2. Give x(-5).
